(-2 - 0)?
False
Let n = 7 + -5. Let g(b) = 3*b**3 - 4*b**3 - 5*b**n + 6 + b**2 + 3*b. Is 6 a factor of g(-5)?
False
Let s = 0 + 3. Suppose s*u + 2 = 8. Does 2 divide u?
True
Let o be (-6)/21 + 846/21. Suppose 2*r - 2*g = o, 2*r - 3*g = -3*r + 106. Is r a multiple of 11?
False
Suppose 3*i = -2*v + 21, 3*i = -2 + 17. Suppose -2*a - v*a + 25 = 0. Is 3 a factor of a?
False
Let j be (-2 + 8)/2*1. Let l(k) = 2*k**2. Let u be l(j). Let q = -4 + u. Is q a multiple of 14?
True
Let a(h) = -h**3 + 7*h**2 - 6*h - 3. Let q(o) = 2*o - 15. Suppose -3*g + 15 = 3*f, -3*f - 45 = -2*g + 2*f. Let w be q(g). Is 17 a factor of a(w)?
True
Let f(h) = 16*h - 9. Is 29 a factor of f(6)?
True
Suppose 3*m - 2*m - 4 = 0. Suppose -4*d + 6 = -b - b, -m*b + 4*d + 8 = 0. Is 4 a factor of b?
False
Suppose o - 5*k = 65 + 5, -3*o + 254 = -4*k. Is o a multiple of 14?
False
Let s(d) = -d**2 - 2*d + 1. Suppose p - 4 = 3*p. Let v be s(p). Is 6 a factor of 0 - (-2 - v)*2?
True
Is (-9)/(-6)*(-38)/(-3) a multiple of 19?
True
Suppose -4*u + r + 13 = 0, -4*u + 3*r = -6 - 9. Suppose -3*h + 6 = -9. Suppose 0 = -2*o - u*x + 24, -5*x = h*o - 4*x - 34. Is o a multiple of 5?
False
Suppose 5*w - 2*d = -5, -w - 3 = 2*w - 4*d. Let h be w/((-2)/(-6)) - -6. Suppose -4*v = -5*g + 74 - 228, 158 = 4*v - h*g. Is v a multiple of 16?
False
Let w(g) = -g**2 - 16*g + 34. Is w(-14) a multiple of 4?
False
Let k(j) = -13*j + 5. Let h be k(-8). Let g = h - 44. Is g a multiple of 11?
False
Let f be (5*(2 + 0))/1. Suppose -j - 4*c = f, 4*j + 2*c = -0*c + 16. Is ((-315)/j)/5*-2 a multiple of 8?
False
Let u(f) = 2*f**3 - 5*f**2 + f + 3. Let l(w) = w - 7. Let i be l(7). Suppose 5*s = -i*s + 15. Is u(s) a multiple of 14?
False
Let j = -86 + 206. Let d = 80 - j. Let l = d - -73. Is l a multiple of 20?
False
Let n(t) = -4*t**3 - 8*t + 7 + 3*t**3 + 2*t**3 - 4*t**2 + t. Let d be n(5). Is (-35)/d + 2/6 a multiple of 6?
True
Let q = -4 - -9. Suppose 0 = q*w + n - 202, 0 = 4*w - 3*n - 0*n - 154. Is w a multiple of 12?
False
Let z(s) = 14*s + 9. Let b(o) = -14*o - 10. Let v(i) = -6*b(i) - 7*z(i). Let h be v(-2). Let q = 1 + h. Does 13 divide q?
True
Suppose -6*w + 35 = 5*b - w, -3*w - 3 = -3*b. Let a = 6 - b. Suppose -76 = a*x - 6*x. Is x a multiple of 13?
False
Let d(z) = z**3 + 3*z**2 - 4*z + 3. Let h be d(-4). Suppose -5*c + 9 = -h*n, -n + 3*c = 3*n + 1. Suppose n*g + 2*g - 56 = 0. Is 14 a factor of g?
True
Suppose -3*t - 52 + 16 = 0. Is 2 a factor of t/(-10)*(-5)/(-2)?
False
Is 8 a factor of (-29)/(-4) - 27/(-36)?
True
Let i be 3 + 0 + 0 + 1. Let t = -35 + 55. Suppose f = -5*n - t, -f + 5*n + 10 = -i*f. Is f a multiple of 2?
False
Let f(n) = 4*n**2 - 1. Does 15 divide f(2)?
True
Let x = -17 - -5. Is x/(-10)*(1 + 4) a multiple of 6?
True
Let v(b) = b**3 + 4*b**2 - 5*b + 5. Let q be v(-5). Suppose -2*n + 158 = q*a + 2*n, 0 = -4*a + 4*n + 148. Is a a multiple of 14?
False
Let b be (-2)/(-3) + 92/(-12). Let q(f) = f**2 + 5*f + 2. Is q(b) a multiple of 8?
True
Suppose 0 = -4*f + 5*v + 844, 422 = f + f + 5*v. Does 46 divide f?
False
Let z(r) = -r**3 + 3*r. Let x be z(-3). Let l = 197 - x. Let p = l - 127. Does 26 divide p?
True
Let a = -11 + 82. Is 21 a factor of a?
False
Let k(f) = -f**3 - 11*f**2 - 7*f - 1. Let t be k(-11). Suppose 2*m + 4*r - 138 = -r, -r - t = -m. Is 24 a factor of m?
False
Let y(c) = c - 14. Let t be y(6). Let r = t - -13. Does 3 divide r?
False
Suppose -5*y = -4*y - 171. Does 44 divide y?
False
Let g(d) = -d**3 - 8*d**2 + 16*d + 15. Suppose -3*v + 2*x = 2*v + 40, -3*v = 2*x + 40. Is 18 a factor of g(v)?
False
Suppose -y - 12 = -4*y. Is y a multiple of 4?
True
Suppose -5*c + 18 = -c - r, 4*c - 5*r - 26 = 0. Suppose 0 = c*i + 463 - 183. Let h = i + 98. Is 14 a factor of h?
True
Suppose -2*t = -s - 9, 2*s + 5*t - 12 - 15 = 0. Let n be (s - 7)*2/(-3). Is (-436)/(-12) + n/6 a multiple of 20?
False
Let l(q) = 5 + 4*q + 4*q - 3*q - 3. Let s be l(7). Suppose 2*d - s = 1. Is d a multiple of 13?
False
Let q be (-5)/((-15)/6) + 0. Let h be 14/2 + -3 - 0. Suppose i - y + 2*y - 42 = 0, h*y + 84 = q*i. Is 21 a factor of i?
True
Let r be 1*3 - 14/(-7). Let h = r + 2. Let w = -3 + h. Is w a multiple of 2?
True
Is 3 a factor of (-18)/4*8/(-6)?
True
Suppose 7 = -r + 2*f, 4 = -4*r + f - 17. Is 15 a factor of 2*(195/(-2))/r?
False
Does 17 divide ((-272)/6)/(18/(-27))?
True
Suppose 9*q - 6*q - 180 = 0. Is 30 a factor of q?
True
Suppose -4*p + 9 = -p. Suppose t = 3*t - 6. Does 3 divide p*(3 - 6/t)?
True
Is (-16)/28 - (-3888)/42 a multiple of 23?
True
Suppose 0*j = 5*j. Suppose 0 = 2*p - o - 67, j = 2*p + p - 5*o - 97. Is p a multiple of 17?
True
Let z = -3 - -7. Is 12 a factor of 97/4 - 1/z?
True
Suppose 3*u - 7*u - 32 = 0. Let c(q) = 9*q**2 + 7*q + q**3 - 3*q + 4 + 0*q**3. Is 17 a factor of c(u)?
False
Suppose -5*a + 290 = -5*j, a + j - 10 = 44. Is a a multiple of 38?
False
Let c be (-3)/(-4) + 1/4. Is 18 a factor of c*34 - 2/(-1)?
True
Let f(o) = -o - 3. Let b be f(-7). Let r be (-1 + 3)/(b/6). Let x(i) = 3*i**3 - 4*i**2 + 3*i - 3. Does 18 divide x(r)?
False
Let i = 224 + -35. Does 9 divide i?
True
Let z be (-2)/(-4) + (-6)/(-4). Suppose -z*o + 270 = -7*o + j, 3*o + 139 = -4*j. Let l = o + 88. Is 13 a factor of l?
False
Is (3 - -191)/2 - 1 a multiple of 22?
False
Let h(c) = 3*c + 49. Is h(27) a multiple of 12?
False
Let x = 108 - 74. Suppose 2*z = 4*z - x. Does 16 divide z?
False
Let t be (2 + -5)*94/(-3). Let i = t + -58. Let d = -26 + i. Does 5 divide d?
True
Let r(a) = -5*a**2 - a. Suppose -4*k + 3*k = 0, -3*p + k - 3 = 0. Let f be r(p). Does 11 divide (-4)/6*(f + -29)?
True
Suppose -3 = -3*f - 27. Is 10 a factor of (-51)/(-6) - 12/f?
True
Suppose -2*t - t + 2*u + 70 = 0, 4*u = 4. Does 11 divide t?
False
Suppose -v + 3*v = 720. Suppose q + 2*q - v = 0. Suppose 0 = -w + 5*w - q. Is 14 a factor of w?
False
Suppose 9*n = 17*n - 992. Is 9 a factor of n?
False
Let a(w) = 6*w**2 - 2*w - 3. Suppose 5*x = 11 + 24. Suppose -5*k = 2*o + 20, 2*o + 5 = -k - x. Is a(k) a multiple of 10?
False
Let s(i) = 15*i**2 + 3*i - 6. Let r be s(4). Suppose -5*z + 2*l + r = 0, -z = z - 4*l - 92. Is z a multiple of 10?
True
Let t(k) = k**3 + 12*k**2 - 17*k - 16. Suppose 3*z - 23 = 2*y, 0*z + 5*z = 5*y + 60. Is 18 a factor of t(y)?
True
Suppose -2*d - 2*d - 20 = -x, -x + 2*d + 30 = 0. Is x a multiple of 9?
False
Let b(c) = c**3 + 9*c**2 + 9*c - 5. Let o be b(-8). Let m(v) = -v**3 - 13*v**2 - 2*v - 6. Is m(o) a multiple of 20?
True
Let d(b) = 2*b - 11. Suppose -28 = 2*r - 0*r. Let n = r - -24. Is 9 a factor of d(n)?
True
Suppose -5*b = 2*c - 454, 4*b + c - 356 = 3*c. Let p = b - 63. Is p a multiple of 15?
False
Let r = 11 + -7. Does 8 divide r/6 + (-116)/(-6)?
False
Suppose 0*f - 16 = -f + x, -x - 80 = -5*f. Let h be 16/1 + f/(-8). Let a = 46 - h. Is 15 a factor of a?
False
Let t(c) = c**3 - c**2 + 2*c - 2. Let j be t(2). Is 237/9 - j/18 a multiple of 7?
False
Is (-2)/4*(2 - 56) a multiple of 27?
True
Suppose -5*u + 1175 - 325 = 0. Does 34 divide u?
True
Let x(c) = -8*c**2 + 1. Let h be x(-3). Let f = -30 - h. Does 11 divide f?
False
Suppose -4*q + 15 = -13. Suppose 4*d - q = 17. Is 6 a factor of d?
True
Let s(g) = g**3 + 4*g**2 + 3*g + 3. Is s(-2) even?
False
Suppose w - 3*m = 42, -2*w - 3*m + 72 = -w. Suppose 4*i = 4*z - z + w, 3*i + 3*z = 48. Is 6 a factor of i?
False
Let r = -48 - 52. Let y = r + 190. Does 24 divide y?
False
Suppose 3*u = -4*l + 188, -3*l - 114 = -0*u - 2*u. Does 20 divide u?
True
Let r(x) = -x - 22*x + 0*x. Let g be r(-2). Suppose 4*d - 3*v = 71, -3*v + g - 5 = 4*d. Is 7 a factor of d?
True
Suppose -5*m + 29 = 2*c, 0*c - 19 = -5*m + 3*c. Suppose 23 = -m*h + 73. Suppose 0 = 2*r - 0*r - h. Does 4 divide r?
False
Let t(i) be the first derivative of -i**5/20 + 3*i**4/4 - 5*i**3/6 - 11*i**2/2 + i - 1. Let y(m) be the first derivative of t(m). Is y(8) a multiple of 13?
True
Let r(l) be the second derivative of -l**3/3 - 3*l**2/2 + l. Let a be r(-3). Does 12 divide 43/3 + (-1)/a?
False
Let s(q) = q**2 + 6*q + 3. Let v be s(-4). Let b be 10*((-12)/v - 2). Suppose 5*g - 3*m = 120, -b*g + 5*m + 18 = -78. Is g a multiple of 12?
True
Suppose -4*v + 2*v = 2*i + 14, 0 = 4*i. Suppose -116 = -5*w - 3*u, 2*w - 122 = -3*w - u. Let s = v + w. Is s a multiple of 9?
True
Suppose -5*a + 4*w = -107, w - 21 - 33 = -3*a. Is 19 a factor of a?
True
